{"id":8,"date":"2020-10-06T21:26:33","date_gmt":"2020-10-06T21:26:33","guid":{"rendered":"https:\/\/certidao.adv.br\/certidao\/?page_id=8"},"modified":"2020-10-06T21:38:06","modified_gmt":"2020-10-06T21:38:06","slug":"contato","status":"publish","type":"page","link":"https:\/\/certidao.adv.br\/certidao\/","title":{"rendered":"APRESENTA\u00c7\u00c3O"},"content":{"rendered":"\n<p>A mais de 15 anos, a\u00a0<strong>CERTID\u00c3O AD<\/strong>\u00a0vem oferecendo um Servi\u00e7o R\u00e1pido, Eficaz e Seguro para qualquer Cidad\u00e3o ou Empresa que precise\u00a0<a href=\"https:\/\/www.certidao.adv.br\/solicitar-certidoes.html\">Solicitar e Arrecadar Certid\u00f5es<\/a>\u00a0e\/ou Documentos provenientes das Reparti\u00e7\u00f5es P\u00fablicas, Estaduais, Municipais, Federais, F\u00f3runs, Juntas Comerciais e Cart\u00f3rios.<\/p>\n\n\n\n<p>Solicita\u00e7\u00e3o de\u00a0<a href=\"https:\/\/www.certidao.adv.br\/solicitar-certidoes.html\">Certid\u00f5es de Objeto e P\u00e9 (Esclarecimentos sobre processos de qualquer Justi\u00e7a).<\/a><\/p>\n\n\n\n<p>Solicita\u00e7\u00e3o e Buscas de\u00a0<a href=\"https:\/\/www.certidao.adv.br\/solicitar-certidoes.html\">Certid\u00f5es no Exterior &#8211; Certid\u00e3o na It\u00e1lia e Portugal &#8211; Para Dupla Cidadania.<\/a><\/p>\n\n\n\n<p>Solicita\u00e7\u00e3o de\u00a0<a href=\"https:\/\/www.certidao.adv.br\/solicitar-certidoes.html\">Certid\u00e3o de Inteiro Teor. Certid\u00e3o 10 cart\u00f3rios protestos S\u00e3o Paulo.<\/a><\/p>\n\n\n\n<p>DESPACHANTE IMOBILI\u00c1RIO, arrecadando toda Documenta\u00e7\u00e3o que a Institui\u00e7\u00e3o Financeira Exige para um\u00a0<a href=\"https:\/\/www.certidao.adv.br\/solicitar-certidoes.html\">Financiamento de Im\u00f3vel (Cumprimento de Chek List).<\/a><\/p>\n\n\n\n<p><strong>\u2022 NOSSO ATENDIMNETO<\/strong>&nbsp;hoje, conta com Unidades de Apoio e Correspondentes para atender quase que&nbsp;<strong>TODO TERRIT\u00d3RIO NACIONAL e tamb\u00e9m na It\u00e1lia e Portugal,<\/strong>&nbsp;na busca de Certid\u00f5es para Cidadania Italiana e Portuguesa.<\/p>\n\n\n\n<p><strong>\u2022 AGILIZAMOS<\/strong>\u00a0o Servi\u00e7o de Arrecada\u00e7\u00e3o de CERTID\u00d5ES e tiramos de voc\u00ea o peso da\u00a0<strong>BUROCRACIA<\/strong>\u00a0e a\u00a0<strong>PERDA<\/strong>\u00a0de tempo que envolve este tipo de trabalho. Contamos com profissionais que se encarregam de desembara\u00e7ar neg\u00f3cios, registrar im\u00f3veis, encaminhar pap\u00e9is e obter CERTID\u00d5ES junto aos \u00d3rg\u00e3os Competentes.<br><a href=\"https:\/\/www.certidao.adv.br\/solicitar-certidoes.html\">Solicitando suas Certid\u00f5es<\/a>\u00a0conosco, voc\u00ea receber\u00e1 as originais com toda a Comodidade e Rapidez diretamente no endere\u00e7o que indicar.<\/p>\n\n\n\n<p><strong>\u2022 OFERECEMOS TAMB\u00c9M<\/strong>&nbsp;o Servi\u00e7o de Apoio e\/ou Correspondente para PARTICULARES, CART\u00d3RIOS, ADVOGADOS, BANCOS, IMOBILI\u00c1RIAS, CONSTRUTORAS, IND\u00daSTRIAS, SEGURADORAS, CLUBES, EMPREENDEDORES IMOBILI\u00c1RIOS e etc..<\/p>\n\n\n\n<figure class=\"wp-block-image\"><a href=\"https:\/\/www.certidao.adv.br\/solicitar-certidoes.html\"><img src=\"https:\/\/www.certidao.adv.br\/solicite_certidoes.jpg\" alt=\"\"\/><\/a><\/figure>\n\n\n\n<figure class=\"wp-block-table\"><table><tbody><tr><td><\/td><\/tr><\/tbody><\/table><\/figure>\n\n\n\n<p>CERTID\u00c3O ADV &#8211; Certid\u00f5es Urgentes no Brasil \u00ae\u00a0Todos Direitos Reservados &#8211; 2005\/2020<br><br>Atendimento Exclusivo Pela Internet: (11) 4497.1701<br><br><br><a href=\"https:\/\/www.certidao.adv.br\/index.html\">P\u00e1gina Inicial<\/a>\u00a0|\u00a0<a href=\"https:\/\/www.certidao.adv.br\/solicitar-certidoes.html\">Solicitar Ce<\/a><a href=\"https:\/\/www.certidao.adv.br\/contato.html\">r<\/a><a href=\"https:\/\/www.certidao.adv.br\/solicitar-certidoes.html\">tid\u00f5es<\/a>\u00a0|\u00a0<a href=\"https:\/\/www.certidao.adv.br\/contato.html\">Contato 11| 4497.1701<\/a><\/p>\n","protected":false},"excerpt":{"rendered":"<p>A mais de 15 anos, a\u00a0CERTID\u00c3O AD\u00a0vem oferecendo um Servi\u00e7o R\u00e1pido, Eficaz e Seguro para qualquer Cidad\u00e3o ou Empresa que precise\u00a0Solicitar e Arrecadar Certid\u00f5es\u00a0e\/ou Documentos provenientes das Reparti\u00e7\u00f5es P\u00fablicas, Estaduais, Municipais, Federais, F\u00f3runs, Juntas Comerciais e Cart\u00f3rios. Solicita\u00e7\u00e3o de\u00a0Certid\u00f5es de Objeto e P\u00e9 (Esclarecimentos sobre processos de qualquer Justi\u00e7a). Solicita\u00e7\u00e3o e Buscas de\u00a0Certid\u00f5es no Exterior [&hellip;]<\/p>\n","protected":false},"author":1,"featured_media":0,"parent":0,"menu_order":0,"comment_status":"closed","ping_status":"closed","template":"","meta":[],"_links":{"self":[{"href":"https:\/\/certidao.adv.br\/certidao\/wp-json\/wp\/v2\/pages\/8"}],"collection":[{"href":"https:\/\/certidao.adv.br\/certidao\/wp-json\/wp\/v2\/pages"}],"about":[{"href":"https:\/\/certidao.adv.br\/certidao\/wp-json\/wp\/v2\/types\/page"}],"author":[{"embeddable":true,"href":"https:\/\/certidao.adv.br\/certidao\/wp-json\/wp\/v2\/users\/1"}],"replies":[{"embeddable":true,"href":"https:\/\/certidao.adv.br\/certidao\/wp-json\/wp\/v2\/comments?post=8"}],"version-history":[{"count":3,"href":"https:\/\/certidao.adv.br\/certidao\/wp-json\/wp\/v2\/pages\/8\/revisions"}],"predecessor-version":[{"id":31,"href":"https:\/\/certidao.adv.br\/certidao\/wp-json\/wp\/v2\/pages\/8\/revisions\/31"}],"wp:attachment":[{"href":"https:\/\/certidao.adv.br\/certidao\/wp-json\/wp\/v2\/media?parent=8"}],"curies":[{"name":"wp","href":"https:\/\/api.w.org\/{rel}","templated":true}]}}